at is the units digit of 222?
2
What is the tens digit of 6127?
2
What is the thousands digit of 210462?
0
What is the tens digit of 4472?
7
What is the thousands digit of 1346?
1
What is the hundreds digit of 66490?
4
What is the units digit of 9216?
6
What is the thousands digit of 10422?
0
What is the thousands digit of 1671?
1
What is the tens digit of 57532?
3
What is the tens digit of 6158?
5
What is the units digit of 81061?
1
What is the thousands digit of 9540?
9
What is the tens digit of 27462?
6
What is the hundreds digit of 1152?
1
What is the thousands digit of 1550?
1
What is the tens digit of 46902?
0
What is the tens digit of 555?
5
What is the hundreds digit of 13719?
7
What is the hundreds digit of 18685?
6
What is the units digit of 8085?
5
What is the units digit of 51289?
9
What is the ten thousands digit of 11168?
1
What is the thousands digit of 38157?
8
What is the thousands digit of 2375?
2
What is the units digit of 880?
0
What is the tens digit of 17821?
2
What is the tens digit of 856?
5
What is the tens digit of 16946?
4
What is the tens digit of 1398?
9
What is the units digit of 1589?
9
What is the units digit of 5690?
0
What is the hundreds digit of 3612?
6
What is the hundreds digit of 33227?
2
What is the units digit of 11446?
6
What is the tens digit of 3963?
6
What is the tens digit of 1041?
4
What is the units digit of 8500?
0
What is the hundreds digit of 21447?
4
What is the units digit of 37611?
1
What is the thousands digit of 16197?
6
What is the thousands digit of 48733?
8
What is the tens digit of 1595?
9
What is the hundreds digit of 2174?
1
What is the thousands digit of 2501?
2
What is the hundreds digit of 702?
7
What is the thousands digit of 8550?
8
What is the units digit of 27488?
8
What is the thousands digit of 59626?
9
What is the units digit of 7995?
5
What is the hundred thousands digit of 113212?
1
What is the tens digit of 262?
6
What is the thousands digit of 1609?
1
What is the tens digit of 1620?
2
What is the tens digit of 5853?
5
What is the hundreds digit of 622?
6
What is the tens digit of 29100?
0
What is the tens digit of 438?
3
What is the hundreds digit of 2050?
0
What is the ten thousands digit of 15570?
1
What is the units digit of 3944?
4
What is the tens digit of 47995?
9
What is the tens digit of 491?
9
What is the tens digit of 21189?
8
What is the hundreds digit of 45185?
1
What is the units digit of 41772?
2
What is the hundreds digit of 990?
9
What is the hundreds digit of 732?
7
What is the ten thousands digit of 71657?
7
What is the hundreds digit of 287?
2
What is the tens digit of 589?
8
What is the hundreds digit of 29117?
1
What is the ten thousands digit of 14144?
1
What is the thousands digit of 5597?
5
What is the tens digit of 7870?
7
What is the tens digit of 163?
6
What is the tens digit of 836?
3
What is the hundreds digit of 86486?
4
What is the hundreds digit of 3750?
7
What is the hundreds digit of 4225?
2
What is the tens digit of 2577?
7
What is the units digit of 5530?
0
What is the hundreds digit of 28741?
7
What is the hundreds digit of 9391?
3
What is the hundreds digit of 1117?
1
What is the hundreds digit of 9637?
6
What is the hundreds digit of 6658?
6
What is the hundreds digit of 22270?
2
What is the thousands digit of 19652?
9
What is the tens digit of 204?
0
What is the ten thousands digit of 121377?
2
What is the tens digit of 39675?
7
What is the tens digit of 1174?
7
What is the units digit of 1193?
3
What is the tens digit of 2803?
0
What is the units digit of 16012?
2
What is the hundreds digit of 79528?
5
What is the hundreds digit of 15720?
7
What is the hundreds digit of 3086?
0
What is the units digit of 35895?
5
What is the units digit of 70986?
6
What is the thousands digit of 72089?
2
What is the thousands digit of 2395?
2
What is the hundreds digit of 9259?
2
What is the thousands digit of 49668?
9
What is the ten thousands digit of 91939?
9
What is the units digit of 9145?
5
What is the hundreds digit of 18726?
7
What is the tens digit of 4339?
3
What is the units digit of 86293?
3
What is the hundreds digit of 558?
5
What is the hundreds digit of 3724?
7
What is the tens digit of 181992?
9
What is the tens digit of 2037?
3
What is the hundreds digit of 769?
7
What is the ten thousands digit of 25888?
2
What is the hundreds digit of 28535?
5
What is the units digit of 8656?
6
What is the units digit of 2519?
9
What is the hundreds digit of 1857?
8
What is the units digit of 5681?
1
What is the tens digit of 29677?
7
What is the tens digit of 64747?
4
What is the tens digit of 5100?
0
What is the hundreds digit of 10210?
2
What is the tens digit of 36131?
3
What is the tens digit of 132?
3
What is the units digit of 16735?
5
What is the thousands digit of 10500?
0
What is the units digit of 744?
4
What is the units digit of 3786?
6
What is the tens digit of 4038?
3
What is the units digit of 7563?
3
What is the tens digit of 2160?
6
What is the thousands digit of 4686?
4
What is the units digit of 11088?
8
What is the units digit of 191260?
0
What is the tens digit of 253?
5
What is the thousands digit of 3127?
3
What is the units digit of 2234?
4
What is the units digit of 224?
4
What is the hundreds digit of 1612?
6
What is the ten thousands digit of 54532?
5
What is the units digit of 13228?
8
What is the tens digit of 32452?
5
What is the hundreds digit of 1856?
8
What is the units digit of 3?
3
What is the tens digit of 4126?
2
What is the hundreds digit of 22333?
3
What is the hundreds digit of 2764?
7
What is the tens digit of 13341?
4
What is the units digit of 893?
3
What is the thousands digit of 1655?
1
What is the tens digit of 690?
9
What is the hundreds digit of 348?
3
What is the thousands digit of 22648?
2
What is the ten thousands digit of 70746?
7
What is the tens digit of 133494?
9
What is the thousands digit of 2662?
2
What is the tens digit of 7488?
8
What is the hundreds digit of 3521?
5
What is the thousands digit of 18259?
8
What is the units digit of 34951?
1
What is the units digit of 712?
2
What is the tens digit of 3223?
2
What is the tens digit of 204?
0
What is the tens digit of 6143?
4
What is the hundreds digit of 1685?
6
What is the thousands digit of 11542?
1
What is the thousands digit of 12749?
2
What is the units digit of 2288?
8
What is the tens digit of 7527?
2
What is the hundreds digit of 142159?
1
What is the units digit of 773?
3
What is the thousands digit of 1147?
1
What is the units digit of 719?
9
What is the tens digit of 24682?
8
What is the hundreds digit of 1012?
0
What is the hundreds digit of 39310?
3
What is the units digit of 1008?
8
What is the tens digit of 1644?
4
What is the thousands digit of 50871?
0
What is the thousands digit of 55013?
5
What is the hundreds digit of 465?
4
What is the units digit of 9131?
1
What is the thousands digit of 3442?
3
What is the tens digit of 15487?
8
What is the hundreds digit of 18173?
1
What is the tens digit of 5150?
5
What is the units digit of 5673?
3
What is the thousands digit of 2096?
2
What is the thousands digit of 1021?
1
What is the thousands digit of 7541?
7
What is the units digit of 38004?
4
What is the thousands digit of 1257?
1
What is the hundreds digit of 120016?
0
What is the tens digit of 22327?
2
What is the units digit of 765?
5
What is the hundreds digit of 40386?
3
What is the units digit of 199?
9
What is the units digit of 2474?
4
What is the tens digit of 1738?
3
What is the tens digit of 8066?
6
What is the thousands digit of 8475?
8
What is the units digit of 23004?
4
What is the hundreds digit of 8563?
5
What is the ten thousands digit of 15890?
1
What is the hundreds digit of 866?
8
What is the tens digit of 79?
7
What is the hundreds digit of 71265?
2
What is the units digit of 40971?
1
What is the tens digit of 12982?
8
What is the units digit of 16788?
8
What is the units digit of 3930?
0
What is the hundreds digit of 810?
8
What is the units digit of 500?
0
What is the units digit of 23122?
2
What is the units digit of 5361?
1
What is the tens digit of 57838?
3
What is the thousands digit of 1925?
1
What is the tens digit of 13100?
0
What is the thousands digit of 33357?
3
What is the tens di